{"id":172,"date":"2011-09-02T18:20:08","date_gmt":"2011-09-02T22:20:08","guid":{"rendered":"https:\/\/therrien.org\/?page_id=172"},"modified":"2013-04-29T07:42:09","modified_gmt":"2013-04-29T11:42:09","slug":"activites","status":"publish","type":"page","link":"https:\/\/therrien.org\/fr\/activites\/","title":{"rendered":"Activit\u00e9s"},"content":{"rendered":"<p><\/p>\n<p style=\"text-align: justify;\"><strong>Ralliement 2013\u00a0\u00e0 Sherbrooke<\/strong><\/p>\n<p style=\"text-align: justify;\">AVIS \u2013 Rassemblement des familles Therrien (Terrien, Th\u00e9rien, Therrien, Tarian, Pharmer, Farmer, Lander, Taylor)<\/p>\n<p style=\"text-align: justify;\">L\u2019association du Ralliement des familles Jean et Pierre Terrien tiendra son 31e rassemblement dans la belle r\u00e9gion de l&rsquo;Estrie, les 23, 24 et 25 ao\u00fbt 2013 avec diverses activit\u00e9s.<\/p>\n<p style=\"text-align: justify;\">L\u2019accueil se fera \u00e0 l\u2019H\u00f4tel-Motel Le Floral, 1920 12e Avenue Nord, Fleurimont, QC, J1E 4J6, T\u00e9l\u00e9phone: 819-564-6812 ou 1-855-564-6811. Un bloc de chambre est r\u00e9serv\u00e9 pour vous (Rassemblement des Familles Therrien 2013).<\/p>\n<p style=\"text-align: justify;\">Nous passerons la journ\u00e9e du samedi \u00e0 la Halte des Pellerins, un vignoble, 693 chemin du Sanctuaire, Sherbrooke. Diff\u00e9rentes activit\u00e9s vous seront propos\u00e9es dans le bulletin du printemps. <a href=\"http:\/\/www.haltedespelerins.com\/fr\/receptions.htm\" target=\"_blank\">http:\/\/www.haltedespelerins.com\/fr\/receptions.htm<\/a><\/p>\n<p style=\"text-align: justify;\">Dimanche: messe en plein air et brunch au Sanctuaire du Sacr\u00e9-Coeur de Beauvoir, 675 C\u00f4te de Beauvoir, Sherbrooke.<br \/>\n<a href=\"http:\/\/www.sanctuairedebeauvoir.qc.ca\" target=\"_blank\">http:\/\/www.sanctuairedebeauvoir.qc.ca<\/a><\/p>\n<p style=\"text-align: justify;\">R\u00e9server votre fin de semaine pour profiter du rassemblement des familles Therrien \u00e0 Sherbrooke. Les familles de la r\u00e9gion ont h\u00e2te de vous rencontrer pour partager leurs histoires et vous faire d\u00e9couvrir leurs origines. On vous attend tous en grands nombres\u2026 Psst. Parlez-en \u00e0 votre famille, c\u2019est un rendez-vous. Sherbrooke nous attend.<\/p>\n<p style=\"text-align: justify;\">Vous trouverez plus bas dans cette page de plus amples informations relativement \u00e0 l&rsquo;h\u00e9bergement et aux activit\u00e9s. Consultez la carte ci-dessous pour situer le prochain ralliement.<\/p>\n<p style=\"text-align: justify;\"><code>[map address=\"Sherbrooke, Qu\u00e9bec, Canada\" z=5 marker=\"yes\" infowindow=\"Sherbrooke, Qu\u00e9bec, Canada\" maptype=roadmap]<\/code><\/p>\n<p><em><strong>H\u00e9bergement \u2013 Sherbrooke<\/strong><\/em><\/p>\n<p><span style=\"color: #ff9900;\">Hotel-Motel Le Floral<\/span><br \/>\n1920 12e Avenue Nord, Fleurimont, QC, J1E 4J<br \/>\n(819) 564-6812 \/ 1 (855) 564-6811<br \/>\n<a href=\"http:\/\/motellefloral.com\" target=\"_blank\">http:\/\/motellefloral.com<\/a><\/p>\n<p style=\"text-align: justify;\">Un bloc de chambres y est r\u00e9serv\u00e9 pour le rassemblement Therrien 2013 \u2013 dites-leur que vous faites partie du rassemblement. Veuillez faire votre r\u00e9servation avec l\u2019h\u00f4tel.<\/p>\n<p style=\"text-align: justify;\">Bienvenue aux VR, il y aura du stationnement pour vous au motel pour la soir\u00e9e du vendredi et par la suite on vous dirigera vers la Halte des P\u00e8lerins pour les nuits du 23 et 24 ao\u00fbt. NB. Il n\u2019y a pas de service pour les VR et vous devrez vous pr\u00e9senter \u00e0 la boutique pour qu\u2019on vous dirige au bon endroit.<\/p>\n<p><span style=\"color: #ff9900;\">Motel \u00c9cono-Nuit<\/span><br \/>\n520 rue du Parc-Industriel<br \/>\nSherbrooke, Qc, J1C 0J2<br \/>\n(819) 846-6788 \/ 1 (877) 661-6788<br \/>\n<a title=\"www.motelecononuit.com\" href=\"http:\/\/www.motelecononuit.com\">http:\/\/www.motelecononuit.com<\/a><\/p>\n<p><span style=\"color: #ff9900;\">Grand Times Hotel<\/span><br \/>\n1 rue Belv\u00e9d\u00e8re Sud<br \/>\nSherbrooke, Qc, J1H 0G8<br \/>\n(819) 575-2222 \/ 1 (888) 999-3499<br \/>\n<a title=\"www.timeshotel.ca\" href=\"http:\/\/www.timeshotel.ca\">http:\/\/www.timeshotel.ca<\/a><\/p>\n<p><span style=\"color: #ff9900;\">Delta Sherbrooke, h\u00f4tel et centre des congr\u00e8s<\/span><br \/>\n2685 rue King Ouest<br \/>\nSherbrooke, Qc, J1L 1C1<br \/>\n(819) 822-1989<br \/>\n<a title=\"www.deltahotels.com\" href=\"https:\/\/www.deltahotels.com\">https:\/\/www.deltahotels.com<\/a><\/p>\n<p><span style=\"color: #ff9900;\">H\u00f4tel &amp; Motel L\u2019H\u00f4tel Motel La Marquise<\/span><br \/>\n1700 Wellington Sud<br \/>\nSherbrooke, Qc, J1M 1K9<br \/>\n(819) 563-2411 \/ 1 (800) 563-2411<br \/>\n<a title=\"www.lamarquise.ca\" href=\"http:\/\/www.lamarquise.ca\">http:\/\/www.lamarquise.ca<\/a><\/p>\n<p><span style=\"color: #ff9900;\">Camping De L&rsquo;Ile-Marie<\/span><br \/>\n225 rue St-Francis<br \/>\nSherbrooke, Qc J1M 0B3<br \/>\n(819) 820-0330<br \/>\n<a title=\"www.campingilemarie.com\" href=\"http:\/\/www.campingilemarie.com\">http:\/\/www.campingilemarie.com<\/a><\/p>\n<p><span style=\"color: #ff9900;\">Camping du Pont Couvert<\/span><br \/>\n2345 ch. du Pont-Couvert<br \/>\n(Milby) Waterville, Qc, J0B 3H0<br \/>\n(819) 562-6421 \/ 1 (888) 346-5894<br \/>\n<a title=\"www.campingdupontcouvert.com\" href=\"http:\/\/www.campingdupontcouvert.com\">http:\/\/www.campingdupontcouvert.com<\/a><\/p>\n<p><em><strong>Liste des activit\u00e9s<\/strong><\/em><\/p>\n<p>Pour s&rsquo;inscrire et consulter la liste des activit\u00e9s, veuillez\u00a0<a title=\"Activit\u00e9s rassemblement 2013\" href=\"https:\/\/therrien.org\/wp-content\/uploads\/2013\/04\/ficheinscription2013FR.pdf\" target=\"_blank\">cliquer ce lien<\/a>.<\/p>\n<p><span style=\"color: #339966;\">Vendredi soir \u2013 23 ao\u00fbt 2013 \u00e0 l&rsquo;H\u00f4tel-Motel Le Floral<\/span><\/p>\n<p>* 5 \u00e0 7 au tour de la piscine<\/p>\n<p><span style=\"color: #339966;\">Samedi le 24 ao\u00fbt 2013 toute la journ\u00e9e \u00e0 la Halte des P\u00e8lerins<\/span><\/p>\n<p>* Assembl\u00e9 g\u00e9n\u00e9rale sous le chapiteau (10H00), Bienvenue \u00e0 tous<\/p>\n<p>* Diner<br \/>\n* Visite du vignoble avec inscription obligatoire comprenant d\u00e9gustation de 3 vins<br \/>\n** Dur\u00e9e de la visite environ 1 heure 30 environ<\/p>\n<p>* Visite de kiosque sous le chapiteau toute l\u2019apr\u00e8s-midi (g\u00e9n\u00e9alogie, peinture, livre, sculpture, internet)<\/p>\n<p>* Souper<br \/>\n* Suivi d\u2019humour paranormal (mentaliste) Stephan Therien<br \/>\n* Soir\u00e9e divertissante et endiabl\u00e9e<\/p>\n<p><span style=\"color: #339966;\">Dimanche le 25 ao\u00fbt 2013 au Sanctuaire de Beauvoir<\/span><\/p>\n<p>* C\u00e9l\u00e9bration ext\u00e9rieur et hommage<\/p>\n<p>* Brunch<\/p>\n<p>Pour plus d\u2019information, veuillez communiquer avec nous par la poste \u00e0 l\u2019<a href=\"https:\/\/therrien.org\/fr\/pour-nous-joindre\/\">adresse de l\u2019Association<\/a>, ou par courrier \u00e9lectronique en utilisant l\u2019<a href=\"https:\/\/therrien.org\/fr\/pour-nous-joindre\/\">adresse \u00e9lectronique<\/a>.<\/p>","protected":false},"excerpt":{"rendered":"<p>Ralliement 2013\u00a0\u00e0 Sherbrooke AVIS \u2013 Rassemblement des familles Therrien (Terrien, Th\u00e9rien, Therrien, Tarian, Pharmer, Farmer, Lander, Taylor) L\u2019association du Ralliement des familles Jean et Pierre Terrien tiendra son 31e rassemblement dans la belle r\u00e9gion de l&rsquo;Estrie, les 23, 24 et &hellip; <a href=\"https:\/\/therrien.org\/fr\/activites\/\">Continuer la lecture <span class=\"meta-nav\">&rarr;<\/span><\/a><\/p>\n","protected":false},"author":3,"featured_media":0,"parent":0,"menu_order":4,"comment_status":"closed","ping_status":"closed","template":"","meta":{"ngg_post_thumbnail":0,"footnotes":""},"class_list":["post-172","page","type-page","status-publish","hentry"],"aioseo_notices":[],"_links":{"self":[{"href":"https:\/\/therrien.org\/fr\/wp-json\/wp\/v2\/pages\/172","targetHints":{"allow":["GET"]}}],"collection":[{"href":"https:\/\/therrien.org\/fr\/wp-json\/wp\/v2\/pages"}],"about":[{"href":"https:\/\/therrien.org\/fr\/wp-json\/wp\/v2\/types\/page"}],"author":[{"embeddable":true,"href":"https:\/\/therrien.org\/fr\/wp-json\/wp\/v2\/users\/3"}],"replies":[{"embeddable":true,"href":"https:\/\/therrien.org\/fr\/wp-json\/wp\/v2\/comments?post=172"}],"version-history":[{"count":44,"href":"https:\/\/therrien.org\/fr\/wp-json\/wp\/v2\/pages\/172\/revisions"}],"predecessor-version":[{"id":482,"href":"https:\/\/therrien.org\/fr\/wp-json\/wp\/v2\/pages\/172\/revisions\/482"}],"wp:attachment":[{"href":"https:\/\/therrien.org\/fr\/wp-json\/wp\/v2\/media?parent=172"}],"curies":[{"name":"wp","href":"https:\/\/api.w.org\/{rel}","templated":true}]}}

Activités

<p></p>
<p style="text-align: justify;"><strong>Ralliement 2013 à Sherbrooke</strong></p>
<p style="text-align: justify;">AVIS – Rassemblement des familles Therrien (Terrien, Thérien, Therrien, Tarian, Pharmer, Farmer, Lander, Taylor)</p>
<p style="text-align: justify;">L’association du Ralliement des familles Jean et Pierre Terrien tiendra son 31e rassemblement dans la belle région de l&rsquo;Estrie, les 23, 24 et 25 août 2013 avec diverses activités.</p>
<p style="text-align: justify;">L’accueil se fera à l’Hôtel-Motel Le Floral, 1920 12e Avenue Nord, Fleurimont, QC, J1E 4J6, Téléphone: 819-564-6812 ou 1-855-564-6811. Un bloc de chambre est réservé pour vous (Rassemblement des Familles Therrien 2013).</p>
<p style="text-align: justify;">Nous passerons la journée du samedi à la Halte des Pellerins, un vignoble, 693 chemin du Sanctuaire, Sherbrooke. Différentes activités vous seront proposées dans le bulletin du printemps. <a href="http://www.haltedespelerins.com/fr/receptions.htm" target="_blank">http://www.haltedespelerins.com/fr/receptions.htm</a></p>
<p style="text-align: justify;">Dimanche: messe en plein air et brunch au Sanctuaire du Sacré-Coeur de Beauvoir, 675 Côte de Beauvoir, Sherbrooke.<br />
<a href="http://www.sanctuairedebeauvoir.qc.ca" target="_blank">http://www.sanctuairedebeauvoir.qc.ca</a></p>
<p style="text-align: justify;">Réserver votre fin de semaine pour profiter du rassemblement des familles Therrien à Sherbrooke. Les familles de la région ont hâte de vous rencontrer pour partager leurs histoires et vous faire découvrir leurs origines. On vous attend tous en grands nombres… Psst. Parlez-en à votre famille, c’est un rendez-vous. Sherbrooke nous attend.</p>
<p style="text-align: justify;">Vous trouverez plus bas dans cette page de plus amples informations relativement à l&rsquo;hébergement et aux activités. Consultez la carte ci-dessous pour situer le prochain ralliement.</p>
<p style="text-align: justify;"><code>[map address="Sherbrooke, Québec, Canada" z=5 marker="yes" infowindow="Sherbrooke, Québec, Canada" maptype=roadmap]</code></p>
<p><em><strong>Hébergement – Sherbrooke</strong></em></p>
<p><span style="color: #ff9900;">Hotel-Motel Le Floral</span><br />
1920 12e Avenue Nord, Fleurimont, QC, J1E 4J<br />
(819) 564-6812 / 1 (855) 564-6811<br />
<a href="http://motellefloral.com" target="_blank">http://motellefloral.com</a></p>
<p style="text-align: justify;">Un bloc de chambres y est réservé pour le rassemblement Therrien 2013 – dites-leur que vous faites partie du rassemblement. Veuillez faire votre réservation avec l’hôtel.</p>
<p style="text-align: justify;">Bienvenue aux VR, il y aura du stationnement pour vous au motel pour la soirée du vendredi et par la suite on vous dirigera vers la Halte des Pèlerins pour les nuits du 23 et 24 août. NB. Il n’y a pas de service pour les VR et vous devrez vous présenter à la boutique pour qu’on vous dirige au bon endroit.</p>
<p><span style="color: #ff9900;">Motel Écono-Nuit</span><br />
520 rue du Parc-Industriel<br />
Sherbrooke, Qc, J1C 0J2<br />
(819) 846-6788 / 1 (877) 661-6788<br />
<a title="www.motelecononuit.com" href="http://www.motelecononuit.com">http://www.motelecononuit.com</a></p>
<p><span style="color: #ff9900;">Grand Times Hotel</span><br />
1 rue Belvédère Sud<br />
Sherbrooke, Qc, J1H 0G8<br />
(819) 575-2222 / 1 (888) 999-3499<br />
<a title="www.timeshotel.ca" href="http://www.timeshotel.ca">http://www.timeshotel.ca</a></p>
<p><span style="color: #ff9900;">Delta Sherbrooke, hôtel et centre des congrès</span><br />
2685 rue King Ouest<br />
Sherbrooke, Qc, J1L 1C1<br />
(819) 822-1989<br />
<a title="www.deltahotels.com" href="https://www.deltahotels.com">https://www.deltahotels.com</a></p>
<p><span style="color: #ff9900;">Hôtel &amp; Motel L’Hôtel Motel La Marquise</span><br />
1700 Wellington Sud<br />
Sherbrooke, Qc, J1M 1K9<br />
(819) 563-2411 / 1 (800) 563-2411<br />
<a title="www.lamarquise.ca" href="http://www.lamarquise.ca">http://www.lamarquise.ca</a></p>
<p><span style="color: #ff9900;">Camping De L&rsquo;Ile-Marie</span><br />
225 rue St-Francis<br />
Sherbrooke, Qc J1M 0B3<br />
(819) 820-0330<br />
<a title="www.campingilemarie.com" href="http://www.campingilemarie.com">http://www.campingilemarie.com</a></p>
<p><span style="color: #ff9900;">Camping du Pont Couvert</span><br />
2345 ch. du Pont-Couvert<br />
(Milby) Waterville, Qc, J0B 3H0<br />
(819) 562-6421 / 1 (888) 346-5894<br />
<a title="www.campingdupontcouvert.com" href="http://www.campingdupontcouvert.com">http://www.campingdupontcouvert.com</a></p>
<p><em><strong>Liste des activités</strong></em></p>
<p>Pour s&rsquo;inscrire et consulter la liste des activités, veuillez <a title="Activités rassemblement 2013" href="https://therrien.org/wp-content/uploads/2013/04/ficheinscription2013FR.pdf" target="_blank">cliquer ce lien</a>.</p>
<p><span style="color: #339966;">Vendredi soir – 23 août 2013 à l&rsquo;Hôtel-Motel Le Floral</span></p>
<p>* 5 à 7 au tour de la piscine</p>
<p><span style="color: #339966;">Samedi le 24 août 2013 toute la journée à la Halte des Pèlerins</span></p>
<p>* Assemblé générale sous le chapiteau (10H00), Bienvenue à tous</p>
<p>* Diner<br />
* Visite du vignoble avec inscription obligatoire comprenant dégustation de 3 vins<br />
** Durée de la visite environ 1 heure 30 environ</p>
<p>* Visite de kiosque sous le chapiteau toute l’après-midi (généalogie, peinture, livre, sculpture, internet)</p>
<p>* Souper<br />
* Suivi d’humour paranormal (mentaliste) Stephan Therien<br />
* Soirée divertissante et endiablée</p>
<p><span style="color: #339966;">Dimanche le 25 août 2013 au Sanctuaire de Beauvoir</span></p>
<p>* Célébration extérieur et hommage</p>
<p>* Brunch</p>
<p>Pour plus d’information, veuillez communiquer avec nous par la poste à l’<a href="https://therrien.org/fr/pour-nous-joindre/">adresse de l’Association</a>, ou par courrier électronique en utilisant l’<a href="https://therrien.org/fr/pour-nous-joindre/">adresse électronique</a>.</p>

<p>Ralliement 2013 à Sherbrooke AVIS – Rassemblement des familles Therrien (Terrien, Thérien, Therrien, Tarian, Pharmer, Farmer, Lander, Taylor) L’association du Ralliement des familles Jean et Pierre Terrien tiendra son 31e rassemblement dans la belle région de l&rsquo;Estrie, les 23, 24 et &hellip; <a href="https://therrien.org/fr/activites/">Continuer la lecture <span class="meta-nav">&rarr;</span></a></p>
